 and 188.
94
What is the greatest common factor of 31827032 and 23?
23
What is the highest common divisor of 3944445 and 1475?
295
What is the greatest common factor of 3696720066 and 351?
351
What is the highest common divisor of 13037613 and 6735?
1347
Calculate the highest common factor of 141791 and 118300.
169
What is the greatest common factor of 56473617 and 3477?
183
Calculate the greatest common divisor of 1767 and 260586.
93
What is the highest common divisor of 40678 and 71675582?
946
Calculate the highest common divisor of 928 and 1381950688.
928
What is the highest common factor of 48167 and 46728871?
6881
What is the highest common factor of 15255 and 176496395?
565
What is the highest common divisor of 62 and 758119415?
31
Calculate the greatest common divisor of 10 and 1098834.
2
Calculate the greatest common divisor of 4641 and 7791693.
273
What is the highest common divisor of 104 and 64652926?
26
What is the highest common factor of 2225839528 and 6274?
6274
Calculate the highest common divisor of 378 and 20748.
42
What is the greatest common divisor of 1390 and 7314458?
278
What is the highest common factor of 3688 and 16469686?
922
What is the highest common factor of 203 and 21842133?
29
What is the highest common divisor of 330716 and 26622?
58
Calculate the highest common factor of 1467945 and 2655.
45
What is the highest common factor of 378 and 10818927?
189
Calculate the highest common divisor of 19064 and 100888.
8
Calculate the greatest common factor of 12870 and 395619510.
4290
Calculate the highest common factor of 365112 and 4312.
88
What is the greatest common divisor of 40 and 400842230?
10
What is the greatest common factor of 30318897 and 756?
21
What is the greatest common factor of 357676 and 18876?
484
Calculate the greatest common divisor of 3132 and 8574120.
108
Calculate the highest common factor of 18679236 and 2696.
1348
What is the greatest common divisor of 22202 and 96475?
17
What is the greatest common divisor of 5073921 and 51?
3
Calculate the greatest common factor of 2260466 and 512837.
4979
What is the greatest common factor of 28600 and 230710?
10
Calculate the highest common factor of 19 and 271559856.
19
Calculate the highest common divisor of 552735 and 5244495.
2595
Calculate the greatest common divisor of 1718 and 1174261590.
1718
What is the highest common factor of 8062 and 1736114?
58
Calculate the greatest common factor of 9868817 and 5152.
161
Calculate the highest common factor of 342753 and 60243.
129
Calculate the highest common factor of 46240 and 5955.
5
What is the highest common factor of 2187 and 51833844?
243
Calculate the greatest common factor of 34994519 and 70.
7
Calculate the highest common divisor of 78927786 and 16758.
2394
Calculate the greatest common factor of 232 and 155401894.
58
Calculate the greatest common divisor of 3144471 and 198.
33
What is the highest common factor of 270621 and 2592?
81
What is the greatest common factor of 4610648 and 55377?
2051
Calculate the greatest common divisor of 85280 and 15395.
5
Calculate the greatest common divisor of 20024 and 29482837.
2503
What is the greatest common divisor of 1061967 and 130758?
1767
Calculate the greatest common divisor of 59774220 and 3960.
1980
Calculate the greatest common divisor of 3105 and 31395.
345
Calculate the greatest common divisor of 326585 and 12255.
215
Calculate the highest common divisor of 8912628 and 11484.
1044
What is the highest common divisor of 902 and 482734?
82
What is the greatest common factor of 9272 and 15615207?
1159
Calculate the highest common divisor of 76483 and 336643401.
6953
What is the greatest common factor of 17864 and 34160434?
4466
Calculate the greatest common divisor of 1476501 and 13481.
221
Calculate the greatest common factor of 391 and 158358519.
391
What is the greatest common divisor of 528028 and 5306420?
5228
What is the greatest common divisor of 15825 and 204900?
75
What is the greatest common divisor of 468 and 3663180?
36
What is the greatest common factor of 8273793 and 407?
11
Calculate the highest common factor of 14 and 3620281.
7
Calculate the greatest common factor of 101660 and 5395.
65
What is the greatest common divisor of 149572 and 47951312?
2452
What is the highest common divisor of 23398263 and 126?
63
Calculate the highest common factor of 65139575 and 2038.
1019
What is the highest common factor of 15330063 and 2352?
21
What is the highest common factor of 1386 and 289212?
462
Calculate the highest common divisor of 16 and 5145652.
4
What is the highest common factor of 199274 and 2686?
34
Calculate the greatest common divisor of 141 and 6064363.
47
What is the highest common factor of 2511 and 2183274?
81
Calculate the greatest common divisor of 374 and 65667668.
374
Calculate the greatest common factor of 609224 and 61963.
473
Calculate the greatest common divisor of 16454 and 174078.
38
Calculate the highest common factor of 27676754 and 14.
14
Calculate the highest common factor of 7635422 and 33504.
698
What is the greatest common divisor of 10577 and 6107783843?
10577
Calculate the greatest common factor of 449908 and 3929306.
1642
Calculate the greatest common factor of 2418 and 554599734.
2418
Calculate the greatest common divisor of 661399164 and 54.
18
Calculate the greatest common factor of 13553340 and 480.
60
Calculate the greatest common divisor of 35827 and 745853.
3257
What is the greatest common factor of 2214 and 5543532?
54
Calculate the highest common factor of 9899788 and 208568.
3596
Calculate the greatest common factor of 19092 and 274598.
86
Calculate the greatest common factor of 1989 and 6429774.
663
What is the highest common divisor of 24328 and 568?
8
What is the greatest common factor of 16767 and 10022319?
621
What is the greatest common factor of 488 and 567744?
8
Calculate the greatest common factor of 6267 and 2301.
3
Calculate the highest common divisor of 951961889 and 89.
89
What is the greatest common factor of 220701 and 332943?
39
Calculate the greatest common factor of 1417549 and 28101.
29
Calculate the greatest common factor of 680 and 1254880.
40
Calculate the greatest common factor of 13833776 and 616.
88
What is the greatest common divisor of 25369 and 17319?
23
Calculate the highest common factor of 18581 and 108749.
17
Calculate the highest common factor of 69795 and 435325.
55
Calculate the greatest common divisor of 8579238 and 29056.
454
Calculate the highest common divisor of 53463 and 1470.
3
Calculate the highest common factor of 60 and 6379788.
12
What is the greatest common divisor of 90 and 80037054?
18
What is the greatest common divisor of 124224 and 8136?
24
Calculate the greatest common divisor of 1232 and 10064747.
77
What is the highest common divisor of 11271 and 49997?
289
What is the highest common factor of 75587 and 16733?
577
Calculate the highest common factor of 530495407 and 1391.
1391
What is the highest common divisor of 1060 and 16287536?
212
What is the highest common factor of 173699217 and 27045?
5409
Calculate the highest common factor of 158550255 and 90.
45
What is the greatest common factor of 121 and 24044460?
11
What is the greatest common divisor of 1839318 and 1014?
78
Calculate the highest common factor of 761210 and 29888.
934
What is the greatest common divisor of 1019116 and 9758?
238
Calculate the highest common divisor of 195747 and 1182576.
213
Calculate the greatest common divisor of 54119048 and 708.
236
Calculate the highest common factor of 77 and 63928095.
77
Calculate the greatest common factor of 6196 and 689452.
4
What is the greatest common divisor of 9710 and 15510?
10
What is the greatest common divisor of 80569838 and 82?
82
Calculate the highest common factor of 525 and 840819.
21
What is the highest common factor of 4260000 and 5625?
1875
What is the greatest common factor of 4396158 and 273?
39
Calculate the highest common divisor of 60 and 7407600.
60
What is the highest common divisor of 34861 and 2717383?
71
Calculate the highest common divisor of 11312169 and 1815.
363
What is the highest common factor of 142 and 34142764?
142
Calculate the highest common divisor of 52 and 22773595.
13
What is the greatest common fa